of -2 - (-1 - -7 - 12)?
4
Evaluate 9 + -19 + 8 + 10.
8
Calculate 6 + (1 - (-3 - -8)).
2
-12 + 24 + -17 - 5
-10
Calculate (-3 - -1) + (-14 - -15).
-1
What is -27 + 31 + 0 + -6 + -8?
-10
(3 - 2) + (-5 - (-11 + 5))
2
What is the value of (2 - (-3 - -3)) + 3?
5
5 + -10 + -1 - -6 - 0
0
8 + 15 + -21 + 5 + -2
5
What is the value of (-4 - (7 - 3)) + (-1 - -5)?
-4
Calculate 2 + -1 + 1 + -1 - 3.
-2
0 - (-2 + 3 + (-4 - -2))
1
What is the value of -4 - (-5 - 0) - -3?
4
What is the value of 6 - (19 + (4 - 9))?
-8
What is the value of -8 - (-6 - (-9 + 1 + 4))?
-6
Calculate 9 + -8 + 11 - 7.
5
-4 + 7 - ((-2 - -8) + -1)
-2
What is -15 + 7 + 12 - 5?
-1
-4 - (1 + -3 + -3 - -5)
-4
(5 - (4 - 1)) + (3 - 1)
4
What is 1 + 30 + -7 + -14?
10
Evaluate -2 + 4 + 2 + -3.
1
-3 - (-3 + 0) - (15 - 10)
-5
Calculate (7 - -1) + 100 + -111.
-3
Calculate 3 + -1 - (28 - 26) - -4.
4
Calculate -3 + (-5 - -1) - 0.
-7
What is the value of (5 + 6 - 6) + -8?
-3
What is the value of (-8 + 20 - 25) + 14?
1
-1 + 0 + 5 + -8 - -1
-3
What is the value of 5 - ((4 - (-2 - 3)) + -4)?
0
Evaluate -5 - (3 - (-2 + 3 + 4)).
-3
-13 + (-7 - -34) - 7
7
What is the value of (-7 - (-7 + (3 - -4))) + -3?
-10
0 + (-5 - -1 - 0)
-4
(1 - 5) + -4 + (-6 - -9)
-5
Calculate 6 + 1 + -1 + -3 + 2.
5
0 + 1 + (-4 - -2 - -5)
4
What is the value of -10 + (7 - -2) + -5?
-6
Calculate -5 + 3 + 2 + 1.
1
What is the value of 3 + (-8 - 2) - -10?
3
Evaluate 4 - (0 - -2 - -2).
0
What is the value of 0 + 6 + 2 + -3 + 6?
11
What is the value of -1 + -1 - (-3 + 5)?
-4
Calculate (44 - 37) + -8 + 3.
2
-1 + (-5 - 0) + 21 + -19
-4
What is the value of 45 + -42 - (1 + 0 + 1)?
1
What is the value of -2 - (-2 + -3) - (2 - -1)?
0
(-14 - -12) + (7 - 0)
5
What is (10 - 16) + 3 + 1?
-2
What is the value of (2 + -3 - -6) + -1?
4
What is -11 + 14 + 4 - (7 + 0)?
0
Calculate 8 + (-1 - 9) + -1 + 4.
1
Calculate 4 + 6 + 2 + -4.
8
Evaluate -2 + -3 + 1 - (2 - 4).
-2
Evaluate (-1 - -2) + -6 + (0 - -7).
2
Evaluate 10 + (4 - 14) - -10.
10
What is the value of 11 + -13 + 4 + -3 + 0?
-1
(0 + 2 - 0) + 1
3
(-3 - (2 - 6)) + 0 + 0
1
What is the value of 3 + 0 - (5 + -4)?
2
6 - 8 - -6 - (0 - 3)
7
What is 2 - -5 - (-4 - -7)?
4
What is -4 + (7 - 4 - -5)?
4
-2 + -1 - (-9 + -1 - -2)
5
6 - (2 - -4) - (-1 + 2)
-1
(-1 + 1 - (8 + -6)) + 7
5
Evaluate (6 - 2) + -7 + -5.
-8
What is the value of -3 + 3 + -4 + 6?
2
What is 0 + -5 + 2 - (1 - 0)?
-4
Evaluate 0 - (6 - 6 - (3 - 2)).
1
Calculate (-2 - (-4 + -2)) + (16 - 16).
4
Evaluate (19 - 25) + 1 + 0.
-5
Evaluate -4 + 8 + (-7 - -2).
-1
Calculate (16 - (8 - 6)) + -10.
4
What is -3 + (-4 - (3 - (2 - -3)))?
-5
Calculate -10 + 14 - (18 - 7).
-7
What is 1 + -7 + (-91 - -97)?
0
What is the value of 2 + 0 + -6 + 5?
1
What is -2 + (-5 - (5 + -10))?
-2
Calculate 3 + 1 + -4 + -2 - 1.
-3
What is the value of 0 + -1 + -4 + (2 - -1)?
-2
(7 - 0) + -5 + -3
-1
What is the value of 8 - (1 + (2 - -3))?
2
Calculate 5 + -6 + 2 + (-2 - 2).
-3
(-6 - (3 + -12 - -5)) + 4
2
What is the value of -1 + -10 + 4 + -1?
-8
What is (2 - -4) + -1 + -9?
-4
What is (-5 - -1) + 0 - (1 + -1)?
-4
What is 5 - 2 - 2 - (3 - 0)?
-2
Evaluate (-5 + 2 - -7) + 1.
5
What is -3 - ((0 - 1) + 1 - 1)?
-2
Calculate 3 + 0 + 0 - (-1 - -5).
-1
(5 - 8 - -3) + -1 + 0
-1
6 + -3 + 0 + -7
-4
What is (-4 + -1 - -3) + (-5 - -7)?
0
What is the value of 3 + 0 - (-22 - -29)?
-4
What is -6 + (1 + 3 - -1)?
-1
What is -10 + (20 - 2) - 4?
4
1 + (-4 - (1 - 3))
-1
What is the value of -3 + 3 - (-5 - -7 - 4)?
2
Evaluate 8 - (-5 + 0) - 6.
7
Calculate -3 + -1 + 5 + 1 + 2.
4
Calculate -6 - (-22 - (-2 - 9)).
5
2 + (5 - 1) + 56 + -54
8
Evaluate (5 - 2) + 3 + -4.
2
Calculate 5 + -9 + (3 - 4).
-5
What is the value of -6 + 5 - (-3 - -2) - -4?
4
Calculate 3 + -3 + 9 + -9.
0
Calculate (-7 - -11) + -4 + 1.
1
What is the value of 11 - (4 - (-2 + 5 + -3))?
7
What is the value of (-50 - -48) + 1 + 0?
-1
What is the value of 12 + -14 - (4 + -8)?
2
-3 + 7 + 4 - (3 + 1)
4
What is the value of -1 + (1 - 2) + (-2 - 0)?
-4
Calculate -3 + (1 - 2 - -2) + 0.
-2
8 + -11 + (8 - 10)
-5
Calculate 7 + 0 - (-2 + 5).
4
What is -3 - (-5 + -4 - -2)?
4
What is -2 + 2 - (3 - 8)?
5
Calculate 2 + 7 + (5 - (1 + 8)).
5
What is the value of (150 - 151) + 5 + 1 + -1?
4
What is 5 - (-3 + 2 + 2)?
4
Evaluate 3 - 0 - (-13 + 0 - -18).
-2
Calculate 1 + -2 + 1 + 1 - -1.
2
What is the value of -6 - (-1 - (7 + -2)) - 2?
-2
Evaluate 1 + -3 - (55 - 64).
7
What is 2 + -6 - (26 - 31)?
1
Calculate 0 - ((1 - 3) + -1).
3
Calculate -2 + -5 + 4 - -8.
5
Evaluate -15 - (5 - 11) - -4 - -10.
5
Evaluate (2 - (-5 - -1)) + -10.
-4
(5 - 11) + 10 - 5
-1
10 - 0 - (163 - 147)
-6
What is -47 - -59 - (9 + -1)?
4
Calculate 3 + -2 + 0 + -5.
-4
What is 2 - ((-3 - 2) + 7 + -1)?
1
Evaluate 2 + -3 + (-139 - -138).
-2
4 - 8 - -6 - 6
-4
What is (0 - -5) + 6 + (-7 - 2)?
2
What is the value of -7 + 5 + -4 + 0?
-6
Calculate 2 + (-4 - 1) + (2 - 2).
-3
What is the value of 3 + (5 + 1 - 0) + -4?
5
Calculate 2 + (-4 - 0 - -3 - 4).
-3
(-4 - 4) + -1 - -6
-3
(-7 - (3 + -8)) + -1
-3
What is -5 + 3 + 7 - 3?
2
What is the value of -6 - (4 - 16) - 5?
1
What is the value of 1 + 6 + -8 + 0?
-1
Calculate 1 + -3 - ((2 - 8) + 1).
3
-3 - (1 + 0 - (1 - -2))
-1
What is -13 - -9 - (0 + 0)?
-4
What is -5 - -11 - 7 - (7 + -10)?
2
Calculate -58 - -59 - (1 - 1).
1
What is (7 + -11 - 1) + 6 + -5?
-4
Evaluate -6 - (1 + (4 + -1 - 5)).
-5
-22 + 28 + -1 + 1 + -2
4
What is the value of (-1 - 0 - -4) + (48 - 50)?
1
Evaluate 6 - 1 - (-7 + (-3 - -13)).
2
What is the value of -5 + (3 + -1 - -1)?
-2
-10 - (4 - 5) - -5 - -2
-2
Evaluate 6 - (12 + -16) - (6 - -1).
3
Evaluate (-40 - -42) + -5 + 1.
-2
What is 3 - -1 - (13 - 8) - -3?
2
What is the value of -5 - -9 - -6 - 10?
0
6 + -6 + 1 + -1
0
What is the value of (-8 - (-12 - -6)) + 5 - 12?
-9
Evaluate 0 + (16 - 21) + (-1 - -4).
-2
What is (-2 - (-4 - 1)) + -4?
-1
What is the value of 0 - (6 + -4 + -2)?
0
What is the value of (10 - (6 - -2)) + 1 + -1?
2
-32 + 31 + (-2 - -4 - 0)
1
Calculate -5 + -6 + 7 - -2.
-2
What is 3 + (23 - 20) + 3 + -1?
8
What is 2 - -4 - (14 - 2) - -7?
1
Calculate -3 + (0 - 0) + -1 + 3.
-1
What is the value of -1 - -6 - 1 - 2 - -6?
8
Evaluate (-1 - 3) + 5 - 7.
-6
Evaluate (-14 - -19) + 3 + 3 + -6.
5
What is 4 - (-1 + (-2 + 0 - -3))?
4
What is 7 + (9 + -5 - 5) - 8?
-2
Calculate 1 + -4 + (-6 - -6).
-3
(6 - (5 - 0)) + 5
6
What is the value of 0 + -1 - (-9 - (-10 + 5))?
3
What is (10 - 6) + -3 + (0 - 1)?
0
Calculate (3 - 4) + 1 - -2.
2
What is the value of 4 - (6 - (0 - (4 + -8)))?
2
Evaluate -12 - (-5 - 9 - -12).
-10
Evaluate 10 - 3 - 6 - 1.
0
What is the value of -3 + 3 + 0 + 0?
0
What is -3 + 0 - (-13 - (-20 - -3))?
-7
7 - (-3 - 1 - (-4 + -1))
6
What is (1 - 0) + -4 + 2 + -3?
-4
What is -3 - (-8 + 15 + -5 + -2)?
-3
What is the value of -7 - (-5 - -3 - -1)?
-6
What is -2 - (1 + 0) - -1?
-2
What is 12 + -17 - (-9 + 0)?
4
What is the value of (6 - 1) + (-5 - 7 - 0)?
-7
-2 - (0 + 3 - 8) - -5
8
What is the value of (1 - 2) + -1 + 46 + -41?
3
Calculate 0 + 1 + (-55 - -62).
8
Calculate -14 + 9 + 6 - 0.
1
Evaluate 9 + 5 + -12 + 7.
9
Evaluate 1 - (1 + -2 + 1).
1
2 + -4 + 10 - 3
5
Calculate 15 - (2 - (-7 - 1)).
5
What is the value of (-3 - (-13 + 14)) + 14?
10
Calculate (2 - (-3 - -3)) + (1 - 8).
-5
What is the value of (-1 + -2 - 0) + 18 + -22?
-7
What is the value of -5 - 5 - -8 - 3?
-5
Evaluate -9 - ((-8 - -16) + -15).
-2
Evaluate (-1 - 7) + 3 - -3.
-2
Calculate 4 + 0 - 8 - -3.
-1
Evaluate -1 + 10 - (-82 - -90).
1
Evaluate 3 + (-5 - -3) + -6.
-5
What is the value of 1 + (-4 - 8) + 19?
8
What is the value of 9 - (-2 + 3 + 5)?
3
Calculate 3 + 2 - (-11 - -12).
4
Calculate 10 + -20 + 10 + -1.
-1
What is -2 + 12 + 1 - 0?
11
7 - 22 - -22 - (-1 + 4)
4
What is 9 - ((-5 - -3) + 5)?
6
-1 + 0 + 1 + -3 + 2
-1
What is the value of 5 - ((1 + 2 - -1) + -3)?
4
What is the value of -4 + (2 - (-6 + 1 - -4))?
-1
Evaluate -2 + (-10 - -10 - 2).
-4
Evaluate 9 + (3 - (2 + 16)).
-6
Evaluate -2 - ((-3 - (6 - 3)) + -3).
7
What is 3 + (-3 - ((3 - 1) + -6))?
4
What is 6 - 1 - 10 - -10?
5
What is (5 - 8 - 0) + 8?
5
-1 + 7 + -5 + -4
-3
What is the value of -1 - (1 - (4 - 4) - 0)?
-2
What is (4 - 0 - 1) + 1 + -5?
-1
Calculate 2 + (-4 - -11) + -3 - 3.
3
Calculate 4 - (3 - (-2 + 6 - 6)).
-1
(3 - (-1 + 7)) + 1 - 2
-4
What is (1 - 6) + (7 - (4 - 1))?
-1
Calculate (0 - (5 - (7 - 6))